). Calculate the greatest common divisor of o and f.
2
Suppose -4*b + 34 = 26. Suppose 0 = 3*i - b*r + r - 43, -44 = -3*i + 2*r. Suppose -2*q + 350 = 3*q. Calculate the highest common divisor of i and q.
14
Let f be 3 - (-445)/(-356)*16/10. Suppose 12 - 45 = -3*v. What is the greatest common divisor of f and v?
1
Let m be 113967/(-1206)*(-39 - -1). Calculate the highest common factor of m and 504.
63
Let a be (-63)/2*(-8376)/2443. Calculate the greatest common divisor of 44 and a.
4
Let y be 5 - ((-42)/3 + 1). Let b(r) = -9*r**2 - 44*r - 22. Let x be b(-4). Calculate the highest common divisor of y and x.
2
Suppose 0 = -6*j + 2*j + o + 8, -4*j + 8 = 5*o. Suppose -z = -2*g - 4*z + 112, -j*z - 261 = -5*g. Calculate the greatest common divisor of g and 371.
53
Let z = -9219 + 9555. What is the greatest common factor of 28 and z?
28
Let x(c) = -21*c - 165. Let d be x(-10). Let v = -2 - -68. Let p = v - d. Calculate the greatest common divisor of p and 21.
21
Suppose -153 = -7*b - 27. Let u(c) = -c + 19. Let p be u(16). Suppose p*j + 27 = 2*m, -2*j - 92 + 26 = -4*m. What is the highest common divisor of b and m?
18
Let u(z) = 10. Let x(i) = i + 1. Let c(f) = u(f) + 4*x(f). Let q be c(-7). Let a = q - -19. Calculate the greatest common divisor of a and 5.
5
Let a(y) = 8*y**2 - 4*y + 11. Suppose -3*m - 3 = 2*n + 2, -5*n + 4 = 2*m. Let i be a(n). Calculate the highest common factor of 245 and i.
35
Let p be (0 + 1)*0/((-10)/(-1)). Suppose p = 61*u - 54*u - 378. What is the highest common factor of 12 and u?
6
Let m = -196 + 192. Let b be (187 - -3) + 3 + m. What is the greatest common divisor of 27 and b?
27
Let s(h) = -2*h**2 + 396*h - 14356. Let u be s(150). Suppose 2*k = -2*z + 388, -16 = 5*z - z. Calculate the highest common divisor of k and u.
22
Let s(i) = i**3 + 11*i**2 + 24*i + 3. Let c be s(-3). Suppose -438 = -c*p - 5*n + 6*n, -4*n + 159 = p. What is the highest common factor of 42 and p?
21
Let i(v) = -11 + 20*v**3 + 15*v**3 - 34*v**3 - 1 + 7*v**2. Let j be i(-6). Calculate the greatest common divisor of 42 and j.
6
Suppose 6*q + 19*u - 20*u - 1343 = 0, -228 = -q - 4*u. What is the highest common factor of 992 and q?
32
Suppose 555 = -4*x + 2*m - 1809, -4*x + m - 2368 = 0. Let o = -584 - x. Calculate the highest common factor of 711 and o.
9
Let q = 278 + -269. Let j be 4 + -165*(-6)/q. Let d = -2 + 8. Calculate the highest common divisor of d and j.
6
Let l be (-4)/20 - (-66)/30. Suppose 3*v = -l*v + 4*m + 573, -2*m - 345 = -3*v. Calculate the highest common factor of v and 104.
13
Let g = -201 + 201. Suppose 0*q - 2*x - 86 = -q, g = -3*q + 2*x + 262. Calculate the highest common divisor of q and 16.
8
Let n = 5221 + -5199. What is the greatest common divisor of 1177 and n?
11
Let x = 1962 + -1812. What is the highest common divisor of 5010 and x?
30
Let v(y) = -13*y - 47. Let a be v(-7). Let t = a + 64. What is the greatest common divisor of 81 and t?
27
Let j be 1075/10 + 30/12. What is the highest common factor of j and 176?
22
Suppose -4*x + u + 286 = -x, -x + 3*u + 106 = 0. Let m(q) = -5*q**2 + 56*q - 88. Let v be m(5). Let g = x - v. What is the greatest common factor of g and 18?
9
Suppose 4*k - 178 = -94. Calculate the greatest common divisor of k and 427.
7
Let x be 16017/11 - (-246)/(-2706). Calculate the highest common divisor of 784 and x.
112
Let i be 4/(-18) + 538/(-9). Suppose 2*g + 27*g = 1972. Let f = g + i. Calculate the greatest common factor of 4 and f.
4
Let y be 84/(8 - (-8208)/(-1032)). What is the greatest common divisor of y and 12?
6
Let c(v) = 43*v + 7. Let i be c(-9). Let p be 4/6 - (i/15 + -6). Let k = p - 23. Calculate the highest common factor of 9 and k.
9
Let j(f) = 141*f - 8322. Let k be j(61). What is the greatest common divisor of k and 2697?
93
Let a(w) = w. Let j be a(7). Let s be 2*-1*(-6 + j). Let t be s - (2 + 4/(12/(-21))). Calculate the greatest common divisor of 6 and t.
3
Let v = 105 - -522. Let r = v + -250. Calculate the highest common factor of 13 and r.
13
Let u(t) = 4*t**2 - 10*t - 146. Let s be u(-7). What is the highest common factor of s and 3760?
40
Suppose 48 = -8602*w + 8626*w. Let u be (-4)/(-4) - (-84 - 0). Suppose 0 = -2*s + 4, 4*a + 23 - u = -3*s. What is the greatest common divisor of a and w?
2
Suppose -16*v - 184 = -18*v + 4*y, -3*v = y - 332. Calculate the highest common factor of v and 190.
2
Let r = 186 + -383. Let i = 213 + r. What is the greatest common divisor of 176 and i?
16
Let w(g) = 22*g**2 - 220*g + 1722. Let x be w(8). What is the greatest common factor of 270 and x?
10
Suppose 3*o = -5*g + 595, -2*g - 429 = -2*o - 27. What is the greatest common factor of 56 and o?
8
Suppose -3*o = 2*a - 99, 40*o + 4*a + 209 = 45*o. Calculate the greatest common factor of 2627 and o.
37
Let p = 53 - 1. Let d be (-634)/(-30) - 18/135. Suppose -86 = -5*i - d. What is the greatest common divisor of i and p?
13
Suppose -78177 = 19*i - 122*i. Let u = 45 - -24. What is the greatest common factor of i and u?
69
Suppose -3*f + 4*h + 1749 = -38442, 2*f - 26783 = -h. Calculate the highest common factor of 59 and f.
59
Let k = 2913 - 2911. Calculate the greatest common divisor of 1770 and k.
2
Suppose -2*y + z = -26, -13*y + 16*y = 5*z + 53. Let f(u) = 33*u + 11. Let w be f(5). What is the greatest common factor of w and y?
11
Suppose 1620 = 74*f - 130*f + 66*f. Calculate the highest common divisor of 2187 and f.
81
Let x = 243 - 238. Let d(q) = q**2 + 9*q - 42. Let r be d(x). What is the highest common divisor of r and 14?
14
Suppose -42*t + 172 = 46. Suppose c - 40 = -h - t*c, c + 50 = h. Calculate the highest common divisor of 456 and h.
24
Let g be (-15 - -19) + 178 + 5. What is the highest common factor of 85 and g?
17
Suppose 17*o - 137 = -35. Suppose o*h - h = -5*u + 40, 4*h = 12. What is the greatest common factor of 5 and u?
5
Suppose 0 = 2*g - 5*j + 56, -3*g = -5*j - 0*j + 89. Let q be (9/(135/(-20)))/(4/g). Calculate the greatest common factor of q and 187.
11
Suppose 0 = -50*u + 38856 + 10494. Calculate the highest common factor of 210 and u.
21
Let i be (61 - 60)*(52/(-8))/((-1)/2). Suppose -2*a + 2*m + 138 = 0, -3*m = 5*a - 0*m - 313. Calculate the highest common factor of a and i.
13
Suppose 0 = -3*l + 7 - 1. Let h be 4/(-8)*(-21 + 19). What is the greatest common factor of h and l?
1
Suppose -18*x + 15*x + 14007 = 4*x. Calculate the greatest common divisor of 276 and x.
69
Let h = -121 + 153. Suppose 5*n - 165 = 320. Let y = n + -89. Calculate the highest common factor of h and y.
8
Suppose -4*q + 0*q = 4*w - 28, -2*q + 2 = -w. Suppose 0 = -4*p - 0*t + t + 130, w*p - 134 = 3*t. What is the highest common divisor of p and 224?
32
Let v(x) = x**3 - 2*x**2 - 7. Let c be v(3). Suppose -2 + c = -3*i. Suppose -10*l + 6*l + 792 = i. What is the highest common divisor of 18 and l?
18
Suppose -3351*c + 3352*c - 5*k - 1525 = 0, 3*c + 3*k = 4575. Calculate the greatest common divisor of 50 and c.
25
Let z be (-4)/8*240/(-2). Suppose -17*u + 12*u = -z. Let d = -95 + 191. What is the greatest common factor of u and d?
12
Let b(r) = 3*r + 93. Let x be b(-17). What is the highest common factor of x and 1162?
14
Suppose 395 = 3*w + 5*c, -3*w - 2*w = -2*c - 679. Let y(b) = -59*b**3 - 2*b**2 + 7*b + 5. Let k be y(0). Calculate the highest common factor of k and w.
5
Suppose -5*w + 4*a + 10 = 0, -3*w = 2*w - 5*a - 15. Let j be w + 24*7/14. Calculate the highest common divisor of j and 10.
10
Suppose -1 - 1477 = -6*z - 260. What is the greatest common divisor of z and 841?
29
Suppose 3*u - 5*h - 418 = 2*u, u = -3*h + 402. Let n = -156 - -180. Calculate the greatest common factor of n and u.
24
Let l(q) = q**3 + 9*q**2 + 20*q - 15. Let x be l(-7). Let s = -14 + -23. Let i = s - x. What is the greatest common factor of i and 8?
4
Let h be -4 + 8 - (-12 + 7254)/(-6). What is the greatest common factor of h and 56?
7
Let q = 268 + -262. Suppose -3*a + 4*m + 1016 = 0, q*a - 680 = 4*a + 4*m. Calculate the greatest common factor of 24 and a.
24
Let x(p) = 2*p + 77. Let d be x(-7). What is the greatest common divisor of d and 35?
7
Let b(g) = -g**3 + 126*g**2 + 2594*g - 35. Let q be b(144). Suppose -3*f - 82 = -5*h + 33, 2*f = -4*h + 92. What is the greatest common divisor of h and q?
23
Suppose 5*